{"id":13335,"date":"2022-10-04T21:09:25","date_gmt":"2022-10-04T19:09:25","guid":{"rendered":"http:\/\/palmaarttour.com\/?page_id=13335"},"modified":"2024-01-13T19:31:39","modified_gmt":"2024-01-13T18:31:39","slug":"about","status":"publish","type":"page","link":"https:\/\/palmaarttour.com\/index.php\/about\/","title":{"rendered":"ABOUT"},"content":{"rendered":"\t\t<div data-elementor-type=\"wp-page\" data-elementor-id=\"13335\" class=\"elementor elementor-13335\">\n\t\t\t\t\t\t\t\t\t<section class=\"elementor-section elementor-top-section elementor-element elementor-element-dd74319 elementor-section-full_width qodef-section-title-text-holder-yes elementor-section-height-default elementor-section-height-default qodef-elementor-content-no qodef-elementor-back-btn-skin-default qodef-section-line-animation-holder-no\" data-id=\"dd74319\" data-element_type=\"section\">\n\t\t\t\t\t\t<div class=\"elementor-container elementor-column-gap-default\">\n\t\t\t\t\t<div class=\"elementor-column elementor-col-100 elementor-top-column elementor-element elementor-element-80c7eb9\" data-id=\"80c7eb9\" data-element_type=\"column\">\n\t\t\t<div class=\"elementor-widget-wrap elementor-element-populated\">\n\t\t\t\t\t\t\t\t\t<\/div>\n\t\t<\/div>\n\t\t\t\t\t\t\t<\/div>\n\t\t<\/section>\n\t\t\t\t<section class=\"elementor-section elementor-top-section elementor-element elementor-element-57f10b7 elementor-section-boxed elementor-section-height-default elementor-section-height-default qodef-elementor-content-no qodef-elementor-back-btn-skin-default qodef-section-title-text-holder-no qodef-section-line-animation-holder-no\" data-id=\"57f10b7\" data-element_type=\"section\">\n\t\t\t\t\t\t<div class=\"elementor-container elementor-column-gap-default\">\n\t\t\t\t\t<div class=\"elementor-column elementor-col-100 elementor-top-column elementor-element elementor-element-9850edf\" data-id=\"9850edf\" data-element_type=\"column\">\n\t\t\t<div class=\"elementor-widget-wrap elementor-element-populated\">\n\t\t\t\t\t\t\t\t<div class=\"elementor-element elementor-element-e915864 elementor-widget elementor-widget-spacer\" data-id=\"e915864\" data-element_type=\"widget\" data-widget_type=\"spacer.default\">\n\t\t\t\t<div class=\"elementor-widget-container\">\n\t\t\t<style>\/*! elementor - v3.6.5 - 27-04-2022 *\/\n.e-container.e-container--row .elementor-spacer-inner{width:var(--spacer-size)}.e-container.e-container--column .elementor-spacer-inner,.elementor-column .elementor-spacer-inner{height:var(--spacer-size)}<\/style>\t\t<div class=\"elementor-spacer\">\n\t\t\t<div class=\"elementor-spacer-inner\"><\/div>\n\t\t<\/div>\n\t\t\t\t<\/div>\n\t\t\t\t<\/div>\n\t\t\t\t\t<\/div>\n\t\t<\/div>\n\t\t\t\t\t\t\t<\/div>\n\t\t<\/section>\n\t\t\t\t<section class=\"elementor-section elementor-top-section elementor-element elementor-element-1e77e04 elementor-section-boxed elementor-section-height-default elementor-section-height-default qodef-elementor-content-no qodef-elementor-back-btn-skin-default qodef-section-title-text-holder-no qodef-section-line-animation-holder-no\" data-id=\"1e77e04\" data-element_type=\"section\">\n\t\t\t\t\t\t<div class=\"elementor-container elementor-column-gap-default\">\n\t\t\t\t\t<div class=\"elementor-column elementor-col-100 elementor-top-column elementor-element elementor-element-2e44da7\" data-id=\"2e44da7\" data-element_type=\"column\">\n\t\t\t<div class=\"elementor-widget-wrap elementor-element-populated\">\n\t\t\t\t\t\t\t\t<div class=\"elementor-element elementor-element-d472497 elementor-widget elementor-widget-madelyn_core_outlined_title\" data-id=\"d472497\" data-element_type=\"widget\" data-widget_type=\"madelyn_core_outlined_title.default\">\n\t\t\t\t<div class=\"elementor-widget-container\">\n\t\t\t<div class=\"qodef-shortcode qodef-m  qodef-outlined-title qodef-alignment--left\">\n\t\t<p class=\"qodef-m-title qodef--custom-chars-splitting-animation\" >\n        About me\t<\/p>\n<\/div>\n\t\t<\/div>\n\t\t\t\t<\/div>\n\t\t\t\t\t<\/div>\n\t\t<\/div>\n\t\t\t\t\t\t\t<\/div>\n\t\t<\/section>\n\t\t\t\t<section class=\"elementor-section elementor-top-section elementor-element elementor-element-fa5f5a2 elementor-section-boxed elementor-section-height-default elementor-section-height-default qodef-elementor-content-no qodef-elementor-back-btn-skin-default qodef-section-title-text-holder-no qodef-section-line-animation-holder-no\" data-id=\"fa5f5a2\" data-element_type=\"section\">\n\t\t\t\t\t\t<div class=\"elementor-container elementor-column-gap-default\">\n\t\t\t\t\t<div class=\"elementor-column elementor-col-100 elementor-top-column elementor-element elementor-element-fe1f4a7\" data-id=\"fe1f4a7\" data-element_type=\"column\">\n\t\t\t<div class=\"elementor-widget-wrap elementor-element-populated\">\n\t\t\t\t\t\t\t\t<div class=\"elementor-element elementor-element-78889af elementor-widget elementor-widget-spacer\" data-id=\"78889af\" data-element_type=\"widget\" data-widget_type=\"spacer.default\">\n\t\t\t\t<div class=\"elementor-widget-container\">\n\t\t\t\t\t<div class=\"elementor-spacer\">\n\t\t\t<div class=\"elementor-spacer-inner\"><\/div>\n\t\t<\/div>\n\t\t\t\t<\/div>\n\t\t\t\t<\/div>\n\t\t\t\t\t<\/div>\n\t\t<\/div>\n\t\t\t\t\t\t\t<\/div>\n\t\t<\/section>\n\t\t\t\t<section class=\"elementor-section elementor-top-section elementor-element elementor-element-d960ba7 elementor-section-boxed elementor-section-height-default elementor-section-height-default qodef-elementor-content-no qodef-elementor-back-btn-skin-default qodef-section-title-text-holder-no qodef-section-line-animation-holder-no\" data-id=\"d960ba7\" data-element_type=\"section\">\n\t\t\t\t\t\t<div class=\"elementor-container elementor-column-gap-default\">\n\t\t\t\t\t<div class=\"elementor-column elementor-col-33 elementor-top-column elementor-element elementor-element-60a7659\" data-id=\"60a7659\" data-element_type=\"column\">\n\t\t\t<div class=\"elementor-widget-wrap elementor-element-populated\">\n\t\t\t\t\t\t\t\t<div class=\"elementor-element elementor-element-7e4b980 elementor-widget elementor-widget-text-editor\" data-id=\"7e4b980\" data-element_type=\"widget\" data-widget_type=\"text-editor.default\">\n\t\t\t\t<div class=\"elementor-widget-container\">\n\t\t\t<style>\/*! elementor - v3.6.5 - 27-04-2022 *\/\n.elementor-widget-text-editor.elementor-drop-cap-view-stacked .elementor-drop-cap{background-color:#818a91;color:#fff}.elementor-widget-text-editor.elementor-drop-cap-view-framed .elementor-drop-cap{color:#818a91;border:3px solid;background-color:transparent}.elementor-widget-text-editor:not(.elementor-drop-cap-view-default) .elementor-drop-cap{margin-top:8px}.elementor-widget-text-editor:not(.elementor-drop-cap-view-default) .elementor-drop-cap-letter{width:1em;height:1em}.elementor-widget-text-editor .elementor-drop-cap{float:left;text-align:center;line-height:1;font-size:50px}.elementor-widget-text-editor .elementor-drop-cap-letter{display:inline-block}<\/style>\t\t\t\t<h3 style=\"text-align: right;\"><span style=\"color: #5c5656;\">VIRGINIE PISLOT<strong><br \/><\/strong><\/span><\/h3><h5 style=\"text-align: right;\"><span style=\"color: #5c5656;\"><br \/>REACHING 14 YEARS OF VARIOUS PROFESSIONAL EXPERIENCES IN THE CONTEMPORARY ART FIELD, I WAS NOTABLY A GALLERY MANAGER IN FRANCE AND MOROCCO, AND FOUNDED AN INTERNATIONAL ART CRITICISM FESTIVAL IN BORDEAUX, PENS\u00c9ES P\u00c9RIPH\u00c9RIQUES.\u00a0<\/span><\/h5><h5 style=\"text-align: right;\"><span style=\"color: #5c5656;\">GUIDE FOR INSTITUTIONS LISTED IN UNESCO HERITAGE IN BARCELONA FROM 2019 TO 2022, I STARTED TO DESIGN CONTEMPORARY ART TOURS IN BARCELONA AND PALMA.<\/span><\/h5><h5 style=\"text-align: right;\"><span style=\"color: #5c5656;\">SINCE 2022, I HAVE BEEN COLLABORATING WITH THE PALMA ART GALLERIES ASSOCIATION, <span style=\"text-decoration: underline;\"><a style=\"color: #5c5656; text-decoration: underline;\" href=\"https:\/\/artpalmacontemporani.com\/\">ART PALMA CONTEMPORANI<\/a><\/span> TO SUPERVISE AND CARRY OUT THE VIP AND GENERAL PUBLIC TOURS OF THE \u00ab\u00a0NIT DE L&rsquo;ART\u00a0\u00bb (THE MAIN CULTURAL EVENT ON MALLORCA), AS WELL AS THE \u00ab\u00a0ART PALMA SUMMER\u00a0\u00bb.<\/span><\/h5><h5 style=\"text-align: right;\">\u00a0<\/h5>\t\t\t\t\t\t<\/div>\n\t\t\t\t<\/div>\n\t\t\t\t\t<\/div>\n\t\t<\/div>\n\t\t\t\t<div class=\"elementor-column elementor-col-33 elementor-top-column elementor-element elementor-element-ae5220b\" data-id=\"ae5220b\" data-element_type=\"column\">\n\t\t\t<div class=\"elementor-widget-wrap\">\n\t\t\t\t\t\t\t\t\t<\/div>\n\t\t<\/div>\n\t\t\t\t<div class=\"elementor-column elementor-col-33 elementor-top-column elementor-element elementor-element-381ea09\" data-id=\"381ea09\" data-element_type=\"column\">\n\t\t\t<div class=\"elementor-widget-wrap elementor-element-populated\">\n\t\t\t\t\t\t\t\t<div class=\"elementor-element elementor-element-e263911 elementor-widget elementor-widget-madelyn_core_image_gallery\" data-id=\"e263911\" data-element_type=\"widget\" data-widget_type=\"madelyn_core_image_gallery.default\">\n\t\t\t\t<div class=\"elementor-widget-container\">\n\t\t\t<div class=\"qodef-shortcode qodef-m  qodef-image-gallery  qodef-slider-cursor-navigation--yes qodef-grid qodef-swiper-container  qodef-gutter--no qodef-col-num--1  qodef-responsive--predefined\" data-options=\"{&quot;slidesPerView&quot;:&quot;1&quot;,&quot;spaceBetween&quot;:0,&quot;loop&quot;:true,&quot;autoplay&quot;:true,&quot;speed&quot;:&quot;&quot;,&quot;speedAnimation&quot;:&quot;&quot;,&quot;slideAnimation&quot;:&quot;&quot;}\">\n\t<div class=\"swiper-wrapper\">\n\t\t<div class=\"qodef-e qodef-image-wrapper swiper-slide \">\n\t\t\t<a itemprop=\"url\" href=\"https:\/\/palmaarttour.com\/wp-content\/uploads\/2022\/10\/visita_nit_del_art.jpg\" target=\"_self\">\n\t\t\t<img loading=\"lazy\" decoding=\"async\" width=\"831\" height=\"1126\" src=\"https:\/\/palmaarttour.com\/wp-content\/uploads\/2022\/10\/visita_nit_del_art.jpg\" class=\"attachment-full size-full\" alt=\"\" srcset=\"https:\/\/palmaarttour.com\/wp-content\/uploads\/2022\/10\/visita_nit_del_art.jpg 831w, https:\/\/palmaarttour.com\/wp-content\/uploads\/2022\/10\/visita_nit_del_art-221x300.jpg 221w, https:\/\/palmaarttour.com\/wp-content\/uploads\/2022\/10\/visita_nit_del_art-756x1024.jpg 756w, https:\/\/palmaarttour.com\/wp-content\/uploads\/2022\/10\/visita_nit_del_art-768x1041.jpg 768w, https:\/\/palmaarttour.com\/wp-content\/uploads\/2022\/10\/visita_nit_del_art-600x813.jpg 600w\" sizes=\"auto, (max-width: 831px) 100vw, 831px\" \/>\t\t\t<\/a>\n\t<\/div>\n<div class=\"qodef-e qodef-image-wrapper swiper-slide \">\n\t\t\t<a itemprop=\"url\" href=\"https:\/\/palmaarttour.com\/wp-content\/uploads\/2022\/10\/visita_nit_del_art_l21_guia2.jpeg\" target=\"_self\">\n\t\t\t<img loading=\"lazy\" decoding=\"async\" width=\"752\" height=\"886\" src=\"https:\/\/palmaarttour.com\/wp-content\/uploads\/2022\/10\/visita_nit_del_art_l21_guia2.jpeg\" class=\"attachment-full size-full\" alt=\"\" srcset=\"https:\/\/palmaarttour.com\/wp-content\/uploads\/2022\/10\/visita_nit_del_art_l21_guia2.jpeg 752w, https:\/\/palmaarttour.com\/wp-content\/uploads\/2022\/10\/visita_nit_del_art_l21_guia2-255x300.jpeg 255w, https:\/\/palmaarttour.com\/wp-content\/uploads\/2022\/10\/visita_nit_del_art_l21_guia2-600x707.jpeg 600w\" sizes=\"auto, (max-width: 752px) 100vw, 752px\" \/>\t\t\t<\/a>\n\t<\/div>\n\t<\/div>\n\t\t<div class=\"swiper-button-prev \"><svg class=\"qodef-svg--swiper-arrow-left\" xmlns=\"http:\/\/www.w3.org\/2000\/svg\" width=\"121.227\" height=\"48.925\" viewBox=\"0 0 121.227 48.925\"><g transform=\"translate(121.227 48.893) rotate(180)\"><g transform=\"translate(0 0)\"><path d=\"M38.667,0H159.559\" transform=\"translate(-38.666 24.368)\" fill=\"none\" stroke=\"CurrentColor\" stroke-width=\"1\"\/><path d=\"M3036.806,1720.2s-1.167,18.264,20.6,23.7\" transform=\"translate(-2936.295 -1720.2)\" fill=\"none\" stroke=\"CurrentColor\" stroke-width=\"1\"\/><path d=\"M3036.806,1743.9s-1.167-18.264,20.6-23.7\" transform=\"translate(-2936.295 -1695.043)\" fill=\"none\" stroke=\"CurrentColor\" stroke-width=\"1\"\/><\/g><\/g><\/svg><\/div>\n\t<div class=\"swiper-button-next \"><svg class=\"qodef-svg--swiper-arrow-right\" xmlns=\"http:\/\/www.w3.org\/2000\/svg\" width=\"121.227\" height=\"48.925\" viewBox=\"0 0 121.227 48.925\"><g transform=\"translate(0 0.032)\"><g transform=\"translate(0 0)\"><path d=\"M38.667,0H159.559\" transform=\"translate(-38.666 24.368)\" fill=\"none\" stroke=\"CurrentColor\" stroke-width=\"1\"\/><path d=\"M3036.806,1720.2s-1.167,18.264,20.6,23.7\" transform=\"translate(-2936.295 -1720.2)\" fill=\"none\" stroke=\"CurrentColor\" stroke-width=\"1\"\/><path d=\"M3036.806,1743.9s-1.167-18.264,20.6-23.7\" transform=\"translate(-2936.295 -1695.043)\" fill=\"none\" stroke=\"CurrentColor\" stroke-width=\"1\"\/><\/g><\/g><\/svg><\/div>\n\t<\/div>\n\t\t<\/div>\n\t\t\t\t<\/div>\n\t\t\t\t\t<\/div>\n\t\t<\/div>\n\t\t\t\t\t\t\t<\/div>\n\t\t<\/section>\n\t\t\t\t<section class=\"elementor-section elementor-top-section elementor-element elementor-element-2e95490 elementor-section-boxed elementor-section-height-default elementor-section-height-default qodef-elementor-content-no qodef-elementor-back-btn-skin-default qodef-section-title-text-holder-no qodef-section-line-animation-holder-no\" data-id=\"2e95490\" data-element_type=\"section\">\n\t\t\t\t\t\t<div class=\"elementor-container elementor-column-gap-default\">\n\t\t\t\t\t<div class=\"elementor-column elementor-col-50 elementor-top-column elementor-element elementor-element-61a95da\" data-id=\"61a95da\" data-element_type=\"column\">\n\t\t\t<div class=\"elementor-widget-wrap\">\n\t\t\t\t\t\t\t\t\t<\/div>\n\t\t<\/div>\n\t\t\t\t<div class=\"elementor-column elementor-col-50 elementor-top-column elementor-element elementor-element-a8073fc\" data-id=\"a8073fc\" data-element_type=\"column\">\n\t\t\t<div class=\"elementor-widget-wrap elementor-element-populated\">\n\t\t\t\t\t\t\t\t<div class=\"elementor-element elementor-element-5782630 elementor-widget elementor-widget-text-editor\" data-id=\"5782630\" data-element_type=\"widget\" data-widget_type=\"text-editor.default\">\n\t\t\t\t<div class=\"elementor-widget-container\">\n\t\t\t\t\t\t\t<p>Photo credits :\u00a0 1. Art Palma Contemporani \/ La Nit de l\u2019Art 2022 \/ Grimalt de Blanch \/ 2. Aina Riera Serra<\/p>\t\t\t\t\t\t<\/div>\n\t\t\t\t<\/div>\n\t\t\t\t\t<\/div>\n\t\t<\/div>\n\t\t\t\t\t\t\t<\/div>\n\t\t<\/section>\n\t\t\t\t<section class=\"elementor-section elementor-top-section elementor-element elementor-element-460def4 elementor-section-boxed elementor-section-height-default elementor-section-height-default qodef-elementor-content-no qodef-elementor-back-btn-skin-default qodef-section-title-text-holder-no qodef-section-line-animation-holder-no\" data-id=\"460def4\" data-element_type=\"section\">\n\t\t\t\t\t\t<div class=\"elementor-container elementor-column-gap-default\">\n\t\t\t\t\t<div class=\"elementor-column elementor-col-100 elementor-top-column elementor-element elementor-element-9a66d25\" data-id=\"9a66d25\" data-element_type=\"column\">\n\t\t\t<div class=\"elementor-widget-wrap elementor-element-populated\">\n\t\t\t\t\t\t\t\t<div class=\"elementor-element elementor-element-9f46fe8 elementor-widget elementor-widget-spacer\" data-id=\"9f46fe8\" data-element_type=\"widget\" data-widget_type=\"spacer.default\">\n\t\t\t\t<div class=\"elementor-widget-container\">\n\t\t\t\t\t<div class=\"elementor-spacer\">\n\t\t\t<div class=\"elementor-spacer-inner\"><\/div>\n\t\t<\/div>\n\t\t\t\t<\/div>\n\t\t\t\t<\/div>\n\t\t\t\t\t<\/div>\n\t\t<\/div>\n\t\t\t\t\t\t\t<\/div>\n\t\t<\/section>\n\t\t\t\t\t\t\t<\/div>\n\t\t","protected":false},"excerpt":{"rendered":"<p>About me VIRGINIE PISLOT REACHING 14 YEARS OF VARIOUS PROFESSIONAL EXPERIENCES IN THE CONTEMPORARY ART FIELD, I WAS NOTABLY A GALLERY MANAGER IN FRANCE AND MOROCCO, AND FOUNDED AN INTERNATIONAL ART CRITICISM FESTIVAL IN BORDEAUX, PENS\u00c9ES P\u00c9RIPH\u00c9RIQUES.\u00a0 GUIDE FOR INSTITUTIONS LISTED IN UNESCO HERITAGE IN BARCELONA FROM 2019 TO 2022, I STARTED TO DESIGN CONTEMPORARY [&hellip;]<\/p>\n","protected":false},"author":1,"featured_media":0,"parent":0,"menu_order":0,"comment_status":"closed","ping_status":"closed","template":"page-full-width.php","meta":{"_monsterinsights_skip_tracking":false,"_monsterinsights_sitenote_active":false,"_monsterinsights_sitenote_note":"","_monsterinsights_sitenote_category":0,"footnotes":""},"class_list":["post-13335","page","type-page","status-publish","hentry"],"yoast_head":"<!-- This site is optimized with the Yoast SEO plugin v21.4 - https:\/\/yoast.com\/wordpress\/plugins\/seo\/ -->\n<title>ABOUT - Palma Art Tour<\/title>\n<meta name=\"robots\" content=\"index, follow, max-snippet:-1, max-image-preview:large, max-video-preview:-1\" \/>\n<link rel=\"canonical\" href=\"https:\/\/palmaarttour.com\/index.php\/about\/\" \/>\n<meta property=\"og:locale\" content=\"fr_FR\" \/>\n<meta property=\"og:type\" content=\"article\" \/>\n<meta property=\"og:title\" content=\"ABOUT - Palma Art Tour\" \/>\n<meta property=\"og:description\" content=\"About me VIRGINIE PISLOT REACHING 14 YEARS OF VARIOUS PROFESSIONAL EXPERIENCES IN THE CONTEMPORARY ART FIELD, I WAS NOTABLY A GALLERY MANAGER IN FRANCE AND MOROCCO, AND FOUNDED AN INTERNATIONAL ART CRITICISM FESTIVAL IN BORDEAUX, PENS\u00c9ES P\u00c9RIPH\u00c9RIQUES.\u00a0 GUIDE FOR INSTITUTIONS LISTED IN UNESCO HERITAGE IN BARCELONA FROM 2019 TO 2022, I STARTED TO DESIGN CONTEMPORARY [&hellip;]\" \/>\n<meta property=\"og:url\" content=\"https:\/\/palmaarttour.com\/index.php\/about\/\" \/>\n<meta property=\"og:site_name\" content=\"Palma Art Tour\" \/>\n<meta property=\"article:modified_time\" content=\"2024-01-13T18:31:39+00:00\" \/>\n<meta property=\"og:image\" content=\"https:\/\/palmaarttour.com\/wp-content\/uploads\/2022\/10\/visita_nit_del_art.jpg\" \/>\n<meta name=\"twitter:card\" content=\"summary_large_image\" \/>\n<meta name=\"twitter:label1\" content=\"Dur\u00e9e de lecture estim\u00e9e\" \/>\n\t<meta name=\"twitter:data1\" content=\"2 minutes\" \/>\n<script type=\"application\/ld+json\" class=\"yoast-schema-graph\">{\"@context\":\"https:\/\/schema.org\",\"@graph\":[{\"@type\":\"WebPage\",\"@id\":\"https:\/\/palmaarttour.com\/index.php\/about\/\",\"url\":\"https:\/\/palmaarttour.com\/index.php\/about\/\",\"name\":\"ABOUT - Palma Art Tour\",\"isPartOf\":{\"@id\":\"https:\/\/palmaarttour.com\/#website\"},\"datePublished\":\"2022-10-04T19:09:25+00:00\",\"dateModified\":\"2024-01-13T18:31:39+00:00\",\"breadcrumb\":{\"@id\":\"https:\/\/palmaarttour.com\/index.php\/about\/#breadcrumb\"},\"inLanguage\":\"fr-FR\",\"potentialAction\":[{\"@type\":\"ReadAction\",\"target\":[\"https:\/\/palmaarttour.com\/index.php\/about\/\"]}]},{\"@type\":\"BreadcrumbList\",\"@id\":\"https:\/\/palmaarttour.com\/index.php\/about\/#breadcrumb\",\"itemListElement\":[{\"@type\":\"ListItem\",\"position\":1,\"name\":\"Accueil\",\"item\":\"https:\/\/palmaarttour.com\/\"},{\"@type\":\"ListItem\",\"position\":2,\"name\":\"ABOUT\"}]},{\"@type\":\"WebSite\",\"@id\":\"https:\/\/palmaarttour.com\/#website\",\"url\":\"https:\/\/palmaarttour.com\/\",\"name\":\"Palma Art Tour\",\"description\":\"\",\"publisher\":{\"@id\":\"https:\/\/palmaarttour.com\/#organization\"},\"potentialAction\":[{\"@type\":\"SearchAction\",\"target\":{\"@type\":\"EntryPoint\",\"urlTemplate\":\"https:\/\/palmaarttour.com\/?s={search_term_string}\"},\"query-input\":\"required name=search_term_string\"}],\"inLanguage\":\"fr-FR\"},{\"@type\":\"Organization\",\"@id\":\"https:\/\/palmaarttour.com\/#organization\",\"name\":\"Palma Art Tour\",\"url\":\"https:\/\/palmaarttour.com\/\",\"logo\":{\"@type\":\"ImageObject\",\"inLanguage\":\"fr-FR\",\"@id\":\"https:\/\/palmaarttour.com\/#\/schema\/logo\/image\/\",\"url\":\"https:\/\/palmaarttour.com\/wp-content\/uploads\/2022\/06\/Logo-Essai-page-accueil-fond-blanc.jpg\",\"contentUrl\":\"https:\/\/palmaarttour.com\/wp-content\/uploads\/2022\/06\/Logo-Essai-page-accueil-fond-blanc.jpg\",\"width\":420,\"height\":326,\"caption\":\"Palma Art Tour\"},\"image\":{\"@id\":\"https:\/\/palmaarttour.com\/#\/schema\/logo\/image\/\"},\"sameAs\":[\"https:\/\/www.instagram.com\/virginiepislot\/\",\"https:\/\/www.linkedin.com\/in\/virginie-pislot-1160b797\"]}]}<\/script>\n<!-- \/ Yoast SEO plugin. -->","yoast_head_json":{"title":"ABOUT - Palma Art Tour","robots":{"index":"index","follow":"follow","max-snippet":"max-snippet:-1","max-image-preview":"max-image-preview:large","max-video-preview":"max-video-preview:-1"},"canonical":"https:\/\/palmaarttour.com\/index.php\/about\/","og_locale":"fr_FR","og_type":"article","og_title":"ABOUT - Palma Art Tour","og_description":"About me VIRGINIE PISLOT REACHING 14 YEARS OF VARIOUS PROFESSIONAL EXPERIENCES IN THE CONTEMPORARY ART FIELD, I WAS NOTABLY A GALLERY MANAGER IN FRANCE AND MOROCCO, AND FOUNDED AN INTERNATIONAL ART CRITICISM FESTIVAL IN BORDEAUX, PENS\u00c9ES P\u00c9RIPH\u00c9RIQUES.\u00a0 GUIDE FOR INSTITUTIONS LISTED IN UNESCO HERITAGE IN BARCELONA FROM 2019 TO 2022, I STARTED TO DESIGN CONTEMPORARY [&hellip;]","og_url":"https:\/\/palmaarttour.com\/index.php\/about\/","og_site_name":"Palma Art Tour","article_modified_time":"2024-01-13T18:31:39+00:00","og_image":[{"url":"https:\/\/palmaarttour.com\/wp-content\/uploads\/2022\/10\/visita_nit_del_art.jpg"}],"twitter_card":"summary_large_image","twitter_misc":{"Dur\u00e9e de lecture estim\u00e9e":"2 minutes"},"schema":{"@context":"https:\/\/schema.org","@graph":[{"@type":"WebPage","@id":"https:\/\/palmaarttour.com\/index.php\/about\/","url":"https:\/\/palmaarttour.com\/index.php\/about\/","name":"ABOUT - Palma Art Tour","isPartOf":{"@id":"https:\/\/palmaarttour.com\/#website"},"datePublished":"2022-10-04T19:09:25+00:00","dateModified":"2024-01-13T18:31:39+00:00","breadcrumb":{"@id":"https:\/\/palmaarttour.com\/index.php\/about\/#breadcrumb"},"inLanguage":"fr-FR","potentialAction":[{"@type":"ReadAction","target":["https:\/\/palmaarttour.com\/index.php\/about\/"]}]},{"@type":"BreadcrumbList","@id":"https:\/\/palmaarttour.com\/index.php\/about\/#breadcrumb","itemListElement":[{"@type":"ListItem","position":1,"name":"Accueil","item":"https:\/\/palmaarttour.com\/"},{"@type":"ListItem","position":2,"name":"ABOUT"}]},{"@type":"WebSite","@id":"https:\/\/palmaarttour.com\/#website","url":"https:\/\/palmaarttour.com\/","name":"Palma Art Tour","description":"","publisher":{"@id":"https:\/\/palmaarttour.com\/#organization"},"potentialAction":[{"@type":"SearchAction","target":{"@type":"EntryPoint","urlTemplate":"https:\/\/palmaarttour.com\/?s={search_term_string}"},"query-input":"required name=search_term_string"}],"inLanguage":"fr-FR"},{"@type":"Organization","@id":"https:\/\/palmaarttour.com\/#organization","name":"Palma Art Tour","url":"https:\/\/palmaarttour.com\/","logo":{"@type":"ImageObject","inLanguage":"fr-FR","@id":"https:\/\/palmaarttour.com\/#\/schema\/logo\/image\/","url":"https:\/\/palmaarttour.com\/wp-content\/uploads\/2022\/06\/Logo-Essai-page-accueil-fond-blanc.jpg","contentUrl":"https:\/\/palmaarttour.com\/wp-content\/uploads\/2022\/06\/Logo-Essai-page-accueil-fond-blanc.jpg","width":420,"height":326,"caption":"Palma Art Tour"},"image":{"@id":"https:\/\/palmaarttour.com\/#\/schema\/logo\/image\/"},"sameAs":["https:\/\/www.instagram.com\/virginiepislot\/","https:\/\/www.linkedin.com\/in\/virginie-pislot-1160b797"]}]}},"_links":{"self":[{"href":"https:\/\/palmaarttour.com\/index.php\/wp-json\/wp\/v2\/pages\/13335","targetHints":{"allow":["GET"]}}],"collection":[{"href":"https:\/\/palmaarttour.com\/index.php\/wp-json\/wp\/v2\/pages"}],"about":[{"href":"https:\/\/palmaarttour.com\/index.php\/wp-json\/wp\/v2\/types\/page"}],"author":[{"embeddable":true,"href":"https:\/\/palmaarttour.com\/index.php\/wp-json\/wp\/v2\/users\/1"}],"replies":[{"embeddable":true,"href":"https:\/\/palmaarttour.com\/index.php\/wp-json\/wp\/v2\/comments?post=13335"}],"version-history":[{"count":47,"href":"https:\/\/palmaarttour.com\/index.php\/wp-json\/wp\/v2\/pages\/13335\/revisions"}],"predecessor-version":[{"id":14421,"href":"https:\/\/palmaarttour.com\/index.php\/wp-json\/wp\/v2\/pages\/13335\/revisions\/14421"}],"wp:attachment":[{"href":"https:\/\/palmaarttour.com\/index.php\/wp-json\/wp\/v2\/media?parent=13335"}],"curies":[{"name":"wp","href":"https:\/\/api.w.org\/{rel}","templated":true}]}}